


{"id":640,"date":"2024-09-11T13:07:53","date_gmt":"2024-09-11T13:07:53","guid":{"rendered":"https:\/\/fakultet.kremicalex.com\/?page_id=640"},"modified":"2024-12-07T20:50:15","modified_gmt":"2024-12-07T20:50:15","slug":"%d0%bd%d0%b8%d1%86%d0%b5%d1%84","status":"publish","type":"page","link":"https:\/\/novi.efb.ues.rs.ba\/lat\/%d0%bd%d0%b8%d1%86%d0%b5%d1%84\/","title":{"rendered":"NICEF"},"content":{"rendered":"<div data-elementor-type=\"wp-page\" data-elementor-id=\"640\" class=\"elementor elementor-640\" data-elementor-post-type=\"page\">\n\t\t\t\t<div class=\"elementor-element elementor-element-d8f6bf2 e-flex e-con-boxed e-con e-parent\" data-id=\"d8f6bf2\" data-element_type=\"container\">\n\t\t\t\t\t<div class=\"e-con-inner\">\n\t\t\t\t<div class=\"elementor-element elementor-element-ba2375c elementor-widget elementor-widget-heading\" data-id=\"ba2375c\" data-element_type=\"widget\" data-widget_type=\"heading.default\">\n\t\t\t\t<div class=\"elementor-widget-container\">\n\t\t\t<h2 class=\"elementor-heading-title elementor-size-default\">NICEF<\/h2>\t\t<\/div>\n\t\t\t\t<\/div>\n\t\t\t\t\t<\/div>\n\t\t\t\t<\/div>\n\t\t<div class=\"elementor-element elementor-element-fd47c71 e-flex e-con-boxed e-con e-parent\" data-id=\"fd47c71\" data-element_type=\"container\">\n\t\t\t\t\t<div class=\"e-con-inner\">\n\t\t\t\t<div class=\"elementor-element elementor-element-8a5ae7a elementor-widget elementor-widget-text-editor\" data-id=\"8a5ae7a\" data-element_type=\"widget\" data-widget_type=\"text-editor.default\">\n\t\t\t\t<div class=\"elementor-widget-container\">\n\t\t\t\t\t\t\t<p><strong>Nau\u010dnoistra\u017eiva\u010dki centar Ekonomskog fakulteta Br\u010dko (NICEF)<\/strong><\/p><p>Tradicija i ugled Ekonomskog fakulteta Br\u010dko, Univerziteta u Isto\u010dnom Sarajevu, omogu\u0107ili su stvaranje okvira za specijalizaciju u okviru pru\u017eanja konsultantskih usluga, edukacija, te izdava\u010dkih usluga u oblasti ekonomije, poslovnog upravljanja, statistike, finansija i ra\u010dunovodstva. NICEF je orijentisan ka tri segmenta, koji se odnose na:<\/p><ol><li>Nau\u010dno-istra\u017eiva\u010dke projekte,<\/li><li>Edukacije i<\/li><li>Izdava\u010dku djelatnost.<\/li><\/ol><p>Misija NICEF-a je zadovoljenje potreba korisnika u privatnom i javnom sektoru privrede kroz promovisanje znanja i vje\u0161tina neophodnih za suo\u010davanje sa savremenim na\u010dinom poslovanja.<br \/>Vizija NICEF-a je postati lider iz oblasti edukacija i konsaltinga na tr\u017ei\u0161tu Br\u010dko distrikta s tendencijom \u0161irenja na tr\u017ei\u0161te Bosne i Hercegovine.<br \/>Vrijednosti NICEF-a su znanje, kvalitet, posve\u0107enost i radna etika.<br \/>Organizaciona struktura NICEF-a se sastoji od:<\/p><ol><li>Rukovodioca,<\/li><li>Saradnika za nau\u010dno-istra\u017eiva\u010dke projekte,<\/li><li>Saradnika za edukacije i obuke i<\/li><li>Saradnika za izdava\u010dku djelatnost.<\/li><\/ol><p>Tim NICEF-a \u010dine nastavnici i saradnici zaposleni na Ekonomskom fakultetu Br\u010dko, koji posjeduju ekspertizu za pru\u017eanje obuka i izradu nau\u010dno-istra\u017eiva\u010dkih projekata iz oblasti marketinga, menad\u017ementa, finansija, ra\u010dunovodstva i poslovne informatike.<\/p>\t\t\t\t\t\t<\/div>\n\t\t\t\t<\/div>\n\t\t\t\t<div class=\"elementor-element elementor-element-90a59b5 elementor-widget elementor-widget-text-editor\" data-id=\"90a59b5\" data-element_type=\"widget\" data-widget_type=\"text-editor.default\">\n\t\t\t\t<div class=\"elementor-widget-container\">\n\t\t\t\t\t\t\t<p><span style=\"color: #0000ff;\"><a style=\"color: #0000ff;\" href=\"\/wp-content\/uploads\/2024\/09\/Ekonomski-fakultet-Brcko-NICEF.pdf\">Predstavljanje Nau\u010dno-istra\u017eiva\u010dkog centra Ekonomskog fakulteta Br\u010dko (NICEF)<\/a><\/span><\/p><p><span style=\"color: #0000ff;\"><a style=\"color: #0000ff;\" href=\"\/wp-content\/uploads\/2024\/09\/POSJETA-NAUCNO-ISTRAZIVACKOM-CENTRU-U-BEOGRADU.pdf\">POSJETA NAU\u010cNO-ISTRA\u017dIVA\u010cKOM CENTRU EKONOMSKOG FAKULTETA U BEOGRADU<\/a><\/span><\/p>\t\t\t\t\t\t<\/div>\n\t\t\t\t<\/div>\n\t\t\t\t\t<\/div>\n\t\t\t\t<\/div>\n\t\t\t\t<\/div>","protected":false},"excerpt":{"rendered":"<p>\u041d\u0430\u0443\u0447\u043d\u043e-\u0438\u0441\u0442\u0440\u0430\u0436\u0438\u0432\u0430\u0447\u043a\u0438 \u0446\u0435\u043d\u0442\u0430\u0440 \u0415\u043a\u043e\u043d\u043e\u043c\u0441\u043a\u043e\u0433 \u0444\u0430\u043a\u0443\u043b\u0442\u0435\u0442\u0430 \u0411\u0440\u0447\u043a\u043e (\u041d\u0418\u0426\u0415\u0424) \u0422\u0440\u0430\u0434\u0438\u0446\u0438\u0458\u0430 \u0438 \u0443\u0433\u043b\u0435\u0434 \u0415\u043a\u043e\u043d\u043e\u043c\u0441\u043a\u043e\u0433 \u0444\u0430\u043a\u0443\u043b\u0442\u0435\u0442\u0430 \u0411\u0440\u0447\u043a\u043e, \u0423\u043d\u0438\u0432\u0435\u0440\u0437\u0438\u0442\u0435\u0442\u0430 \u0443 \u0418\u0441\u0442\u043e\u0447\u043d\u043e\u043c \u0421\u0430\u0440\u0430\u0458\u0435\u0432\u0443 \u0441\u0443 \u043e\u043c\u043e\u0433\u0443\u045b\u0438\u043b\u0435 \u0441\u0442\u0432\u0430\u0440\u0430\u045a\u0435 \u043e\u043a\u0432\u0438\u0440\u0430 \u0437\u0430 \u0441\u043f\u0435\u0446\u0438\u0458\u0430\u043b\u0438\u0437\u0430\u0446\u0438\u0458\u0443 \u0443 \u043e\u043a\u0432\u0438\u0440\u0443 \u043f\u0440\u0443\u0436\u0430\u045a\u0430 \u043a\u043e\u043d\u0441\u0443\u043b\u0442\u0430\u043d\u0442\u0441\u043a\u0438\u0445 \u0443\u0441\u043b\u0443\u0433\u0430, \u0435\u0434\u0443\u043a\u0430\u0446\u0438\u0458\u0430, \u0442\u0435 \u0438\u0437\u0434\u0430\u0432\u0430\u0447\u043a\u0438\u0445 \u0443\u0441\u043b\u0443\u0433\u0430 \u0443 \u043e\u0431\u043b\u0430\u0441\u0442\u0438 \u0435\u043a\u043e\u043d\u043e\u043c\u0438\u0458\u0435, \u043f\u043e\u0441\u043b\u043e\u0432\u043d\u043e\u0433 \u0443\u043f\u0440\u0430\u0432\u0459\u0430\u045a\u0430, \u0441\u0442\u0430\u0442\u0438\u0441\u0442\u0438\u043a\u0435, \u0444\u0438\u043d\u0430\u043d\u0441\u0438\u0458\u0430 \u0438 \u0440\u0430\u0447\u0443\u043d\u043e\u0432\u043e\u0434\u0441\u0442\u0432\u0430. \u041d\u0418\u0426\u0415\u0424 \u0458\u0435 \u043e\u0440\u0438\u0458\u0435\u043d\u0442\u0438\u0441\u0430\u043d \u043a\u0430 \u0442\u0440\u0438 \u0441\u0435\u0433\u043c\u0435\u043d\u0442\u0430, \u043a\u043e\u0458\u0438 \u0441\u0435 \u043e\u0434\u043d\u043e\u0441\u0435 \u043d\u0430: \u041d\u0430\u0443\u0447\u043d\u043e-\u0438\u0441\u0442\u0440\u0430\u0436\u0438\u0432\u0430\u0447\u043a\u0435 \u043f\u0440\u043e\u0458\u0435\u043a\u0442\u0435, \u0415\u0434\u0443\u043a\u0430\u0446\u0438\u0458\u0435 \u0438 \u0418\u0437\u0434\u0430\u0432\u0430\u0447\u043a\u0443 [&hellip;]<\/p>","protected":false},"author":2,"featured_media":0,"parent":0,"menu_order":0,"comment_status":"closed","ping_status":"closed","template":"","meta":{"footnotes":""},"folder":[],"class_list":["post-640","page","type-page","status-publish","hentry"],"_links":{"self":[{"href":"https:\/\/novi.efb.ues.rs.ba\/lat\/wp-json\/wp\/v2\/pages\/640"}],"collection":[{"href":"https:\/\/novi.efb.ues.rs.ba\/lat\/wp-json\/wp\/v2\/pages"}],"about":[{"href":"https:\/\/novi.efb.ues.rs.ba\/lat\/wp-json\/wp\/v2\/types\/page"}],"author":[{"embeddable":true,"href":"https:\/\/novi.efb.ues.rs.ba\/lat\/wp-json\/wp\/v2\/users\/2"}],"replies":[{"embeddable":true,"href":"https:\/\/novi.efb.ues.rs.ba\/lat\/wp-json\/wp\/v2\/comments?post=640"}],"version-history":[{"count":19,"href":"https:\/\/novi.efb.ues.rs.ba\/lat\/wp-json\/wp\/v2\/pages\/640\/revisions"}],"predecessor-version":[{"id":4529,"href":"https:\/\/novi.efb.ues.rs.ba\/lat\/wp-json\/wp\/v2\/pages\/640\/revisions\/4529"}],"wp:attachment":[{"href":"https:\/\/novi.efb.ues.rs.ba\/lat\/wp-json\/wp\/v2\/media?parent=640"}],"wp:term":[{"taxonomy":"folder","embeddable":true,"href":"https:\/\/novi.efb.ues.rs.ba\/lat\/wp-json\/wp\/v2\/folder?post=640"}],"curies":[{"name":"wp","href":"https:\/\/api.w.org\/{rel}","templated":true}]}}